 of (2/p - -1) + (-885)/(-9).
3, 11
Suppose 11*b - b - 50 = 0. Suppose -2*s = -b*g - 21, -4*s + 3*g - g = -18. List the prime factors of s.
3
Suppose 3*b - 4*b + 790 = 0. List the prime factors of b.
2, 5, 79
Suppose -2161 = -5*x + 2*i + i, -3*i = -x + 425. What are the prime factors of x?
2, 7, 31
Suppose -h + 650 + 431 = 0. List the prime factors of h.
23, 47
Let x(m) = m**3 - 14*m**2 - 14*m + 18. Let y be x(15). Let t be 4/22 + 951/y. Suppose -c = -3*k + 207 - t, c - 302 = -5*k. List the prime factors of k.
2, 3, 5
Let g be (8/((-24)/(-51)))/1. Suppose -3*i = i + 12. Let r = i + g. What are the prime factors of r?
2, 7
Suppose 4 + 8 = 4*r. Suppose -2*i = -5*x + 387, -r*i + 229 = 3*x - i. List the prime factors of x.
7, 11
What are the prime factors of 11/(50/15 + -3)?
3, 11
Let z = -20 - 10. Let q = 77 + z. What are the prime factors of q?
47
Suppose -x + 15 = -g, 0 = 4*x - 0*g + 4*g - 36. Suppose x*d - 126 = 14*d. Let h = d + 111. List the prime factors of h.
2, 3
Suppose 2459 = -8*l + 8299. What are the prime factors of l?
2, 5, 73
List the prime factors of 11364/(-9)*9/(-12).
947
Suppose -2*k - 5*q + 2 = 0, q + 2 = 2*k - 4*q. Let f be ((-129)/5)/(k/(-5)). Suppose -4*y + f = -y. What are the prime factors of y?
43
Let w be (-6 - -2)/((0 - -6)/(-3)). What are the prime factors of (33/22)/(w/124)?
3, 31
Suppose 2*n = -96 + 92. Let i(r) be the first derivative of -39*r**2/2 - 7*r - 1. What are the prime factors of i(n)?
71
Suppose -4*p + 18*d + 2720 = 19*d, -5*p - 3*d = -3393. What are the prime factors of p?
3, 227
Let h(l) = -26*l + 513. Let a be h(20). Let z(b) = -11*b. Let x(t) = -11*t + 1. Let k(c) = -4*x(c) + 5*z(c). List the prime factors of k(a).
73
Let f = 3837 + -696. List the prime factors of f.
3, 349
Let u be 4838/10 - 1/(-5). Suppose 7*i + u = 11*i. List the prime factors of i.
11
Suppose g + 24 = 2*g - 4*u, 0 = u + 1. Let q be (6/(-4))/((-3)/g). List the prime factors of (-2)/(-5) - (-146)/q.
3, 5
Suppose -2*r + a + 388 = -828, -5*r + 3033 = a. What are the prime factors of r?
607
Let d be (-232)/(-6) + 8/24. Let v be (-6)/4*(-52)/d. Suppose 2*m = -4*j + 144, v*j = -2*m + 39 + 29. List the prime factors of j.
2, 19
Suppose 148*u - 169*u + 24507 = 0. List the prime factors of u.
3, 389
Suppose -2*g = 4*x - 16, 4*g + g + 3*x = 26. What are the prime factors of -3 - (-2)/(g/190)?
2, 23
Let g = -197 - -347. List the prime factors of g.
2, 3, 5
Let t(s) = 167*s**2 + 9*s - 23. What are the prime factors of t(3)?
11, 137
Suppose 5*f - 4*w = -1138, -4*f - 4*w = w + 935. Let d = -150 - f. What are the prime factors of d?
2, 5
Let o be -1 + 4/((-12)/189). What are the prime factors of o/(-5)*(0 - -5)?
2
Let z = 90 + -58. Suppose z + 68 = h. Suppose -2*f = u - 19, 0 = -u + 5*u - 4*f - h. What are the prime factors of u?
23
Suppose -8*h = -5*h + 3. Let y(p) = -98*p + 5. What are the prime factors of y(h)?
103
Suppose 6*n - 8*n + 3102 = 5*s, -3*s = 5*n - 1865. What are the prime factors of s?
2, 5, 31
Let l = 180 + 22. List the prime factors of l.
2, 101
Let k(c) = 33*c**3 - 6*c**2 + 2*c + 1. List the prime factors of k(2).
5, 7
List the prime factors of 260/((-16)/(-60)*(-3)/(-4)).
2, 5, 13
Let r(f) = -11*f + 29*f + 15 + 22*f**2 - f**3 + 11*f. What are the prime factors of r(23)?
3, 17
Let b(g) = g**2 + 3*g + 5. Let l be b(-3). Suppose -12 = -l*o + 2*o. List the prime factors of (-3 + o)/((-2)/(-50)).
5
Let n(d) = -2*d + 8. Let w be n(9). Let z be (w/(-20))/(2/8). Suppose k = -z*p + 17, 5*p = 4*k - 4 - 25. List the prime factors of k.
11
Let h(r) = r**3 + 7*r**2 + 4*r - 5. Let v be h(-6). Let q = -49 - -51. Suppose q*g - v = 5. What are the prime factors of g?
2, 3
Let y(m) = -36*m - 12. Let j(g) = -306*g - 102. Let r(p) = 5*j(p) - 42*y(p). What are the prime factors of r(-8)?
2, 3, 23
Let k = 353 + -209. List the prime factors of k.
2, 3
Let x = 69 + -69. Suppose -5*v - 5 = x, 3*v + 423 = 2*q + q. What are the prime factors of q?
2, 5, 7
Suppose 6 = 3*h - 27. Let m = h - -8. Suppose -2*v - 1 = -m. List the prime factors of v.
3
Suppose 7*m = 2365 + 1226. List the prime factors of m.
3, 19
Let v be (2*-3)/(33/(-22)). Suppose -2*c + 370 = -v*l, c + 0*l - 190 = l. List the prime factors of c.
3, 5, 13
Let p = -39 + 1291. What are the prime factors of p?
2, 313
Suppose 7*s - 8*s = -507. List the prime factors of s.
3, 13
Let p = -226 + 314. List the prime factors of p.
2, 11
Let d = 177 - 42. Suppose 0 = -5*w + 4*h + 176, -5*h + d = 4*w + 27. What are the prime factors of w?
2
List the prime factors of 6/(-21) - ((-2536)/14)/4.
3, 5
Let v = 11 + -5. Suppose -2*a = -4*u + v, 2*a - 5 = -2*u + 7. Suppose -5*h + 6*o + 208 = 2*o, 0 = o - u. List the prime factors of h.
2, 11
Suppose -446 = -4*s + 478. Suppose -3*a + 5*f + 143 = 0, f + s = 5*a - 0*f. What are the prime factors of a?
2, 23
Let k(z) be the second derivative of -z**4/12 + 8*z**2 - 7*z. Let t be (-1 + 1)*(-4)/4. What are the prime factors of k(t)?
2
Suppose 0 = -3*t - 118 + 46. Let a = 36 - 50. Let j = a - t. What are the prime factors of j?
2, 5
Let l be (-3)/(-1)*(-2)/(-6). Let k(h) = -8*h**3. Let c be k(l). List the prime factors of -4*((-210)/c)/(-7).
3, 5
Let m(d) = 106*d**2 - 2*d + 1. Let z be m(1). Suppose -7*v = -2*v - z. Let f = v + -15. What are the prime factors of f?
2, 3
Let j = 22 - 14. Let h be 140/j*(-12)/(-10). Let p = h - 9. List the prime factors of p.
2, 3
Suppose -14*g + 7026 = -1976. Suppose 4*f - 321 = g. What are the prime factors of f?
241
Suppose -18*z + 21432 = z. List the prime factors of z.
2, 3, 47
Let f be (-2)/7 - 18/(-14). Let g(l) be the third derivative of 49*l**6/120 + l**5/60 - l**4/12 + l**3/6 - l**2 + 108. What are the prime factors of g(f)?
7
Let n be (6/12)/(4/(-8)) - -1. Let c be (-2)/(-4)*-2 - -1. Suppose c = -n*l + 4*l - 240. What are the prime factors of l?
2, 3, 5
Suppose -7*r = 3*f - 3*r - 658, r + 5 = 0. Suppose -5*x + 219 + f = 0. List the prime factors of x.
89
Let n = -15 + 21. Let s be (4/n)/(4/30). Suppose 0*d + 4*q + 95 = s*d, 2*q = -2*d + 20. List the prime factors of d.
3, 5
Suppose 0 = -3*j - 5*j + 16. Suppose j*n = 19*n - 2414. What are the prime factors of n?
2, 71
What are the prime factors of (-20)/(-150) + 68390/75?
2, 3, 19
List the prime factors of ((-28)/12 - -2)*-3870.
2, 3, 5, 43
Suppose 0 = -57*f + 957 + 12. Let p(r) = r**3 + 7*r**2 + 6*r - 4. Let w be p(-6). Let m = f + w. What are the prime factors of m?
13
Let l(m) = 10*m**2 + 11*m + 16. Let v be l(-6). Let k = -166 + v. What are the prime factors of k?
2, 3
Let g be (1 - 0)*255/3. Let o = 34 + g. What are the prime factors of o?
7, 17
Suppose -3*z = 2*m - 16, -3*m + 9 = -3*z - 0. Suppose a + z + 5 = -5*c, -4*a - 4*c = 44. What are the prime factors of (-369)/a + 2/8?
31
Let f = 5017 + -1948. List the prime factors of f.
3, 11, 31
Let u = 6 - 3. Suppose 3*l + 147 = y, 2*l + 88 = 5*y + u. Let a = -20 - l. List the prime factors of a.
2, 3, 5
Suppose q + 2*q = 372. What are the prime factors of q?
2, 31
Let l(t) = 6*t**2 - 31*t - 226. What are the prime factors of l(-10)?
2, 3, 19
Let p(b) = -b**2 + 5. Let z be p(5). Let c be (-24)/z*5/(-1). List the prime factors of (26/(-1))/(-8 - c).
13
Let m(d) = 21*d**2 - 3*d + 3. What are the prime factors of m(-2)?
3, 31
Suppose 0*t = 3*t + 4*g + 87, 16 = -t + 3*g. Let i be 471/(-5) + (-5)/t. Let x = 133 + i. List the prime factors of x.
3, 13
Suppose -16*a = 23*a - 72813. What are the prime factors of a?
1867
List the prime factors of ((-7)/((-196)/6816))/((-1)/(-7)).
2, 3, 71
Let h(v) = v**2 - 12. Let d be h(-6). List the prime factors of ((-396)/d)/(-2*2/8).
3, 11
Suppose -47*m + 44*m - 2*p + 4533 = 0, 0 = -2*m - 3*p + 3017. List the prime factors of m.
17, 89
Let d be (-2)/(-21) + 1708/588. Suppose -g = d*g - 844. What are the prime factors of g?
211
Let c be (-412)/(-14) + 3/(-7). Let f = c + -19. List the prime factors of f.
2, 5
Let u be (-2 - (18 + 2))/(-2). Let t(l) = 34*l - 29. Let r be t(1). Suppose -284 - u = -r*s. What are the prime factors of s?
59
Let b(g) = g**2 + 5*g - 141. List the prime factors of b(-28).
503
Let q(a) be the first derivative of -4*a**2 - 6*a + 0*a**2 - 4 + 3*a**2 - 8. What are the prime factors of q(-13)?
2, 5
Suppose 175*w - 165*w - 160 = 0. List the prime factors of w.
2
Let v = 2226 